{"id":3088,"date":"2025-03-13T12:38:24","date_gmt":"2025-03-13T11:38:24","guid":{"rendered":"https:\/\/pekarna-pecjak.si\/trgovina\/temne-kraljeve-strucke-s-sezamom\/"},"modified":"2026-04-20T09:13:34","modified_gmt":"2026-04-20T07:13:34","slug":"temne-kraljeve-strucke-s-sezamom","status":"publish","type":"product","link":"https:\/\/www.pekarna-pecjak.si\/en\/trgovina\/temne-kraljeve-strucke-s-sezamom\/","title":{"rendered":"Temne kraljeve \u0161tru\u010dke s sezamom"},"content":{"rendered":"<p>Hitro zamrznjen izdelek iz kva\u0161eno listnatega testa z dodatkom polnozrnate zmesi ter sezamom, ki ga je potrebno termi\u010dno obdelati po navodilih proizvajalca.<\/p>\n","protected":false},"excerpt":{"rendered":"<p>Okusna, rahla in polnovredna kombinacija p\u0161enice, r\u017ei, lana in sezama.<br \/>\n &#10004;dodana semena sezama in lanu<br \/>\n &#10004; polnozrnati drobljenec v testu<br \/>\n &#10004; dodana polnozrnata moka in r\u017eeno kislo testo<\/p>\n","protected":false},"featured_media":6805,"template":"","meta":{"_acf_changed":false},"product_brand":[],"product_cat":[30],"product_tag":[],"class_list":{"0":"post-3088","1":"product","2":"type-product","3":"status-publish","4":"has-post-thumbnail","6":"product_cat-rogljici","8":"first","9":"instock","10":"taxable","11":"shipping-taxable","12":"purchasable","13":"product-type-variable"},"acf":[],"yoast_head":"<!-- This site is optimized with the Yoast SEO plugin v27.2 - https:\/\/yoast.com\/product\/yoast-seo-wordpress\/ -->\n<title>Temne kraljeve \u0161tru\u010dke s sezamom - Pekarna Pe\u010djak<\/title>\n<meta name=\"description\" content=\"Temne kraljeve \u0161tru\u010dke s sezamom so roglji\u010dki iz p\u0161eni\u010dne in r\u017eene moke. Posute s sezamom so okusne in primerne tudi za pripravo sendvi\u010dev.Vegetarijansko.\" \/>\n<meta name=\"robots\" content=\"index, follow, max-snippet:-1, max-image-preview:large, max-video-preview:-1\" \/>\n<link rel=\"canonical\" href=\"https:\/\/www.pekarna-pecjak.si\/en\/trgovina\/temne-kraljeve-strucke-s-sezamom\/\" \/>\n<meta property=\"og:locale\" content=\"en_US\" \/>\n<meta property=\"og:type\" content=\"article\" \/>\n<meta property=\"og:title\" content=\"Temne kraljeve \u0161tru\u010dke s sezamom - Pekarna Pe\u010djak\" \/>\n<meta property=\"og:description\" content=\"Temne kraljeve \u0161tru\u010dke s sezamom so roglji\u010dki iz p\u0161eni\u010dne in r\u017eene moke. Posute s sezamom so okusne in primerne tudi za pripravo sendvi\u010dev.Vegetarijansko.\" \/>\n<meta property=\"og:url\" content=\"https:\/\/www.pekarna-pecjak.si\/en\/trgovina\/temne-kraljeve-strucke-s-sezamom\/\" \/>\n<meta property=\"og:site_name\" content=\"Pekarna Pe\u010djak\" \/>\n<meta property=\"article:modified_time\" content=\"2026-04-20T07:13:34+00:00\" \/>\n<meta property=\"og:image\" content=\"https:\/\/www.pekarna-pecjak.si\/wp-content\/uploads\/2025\/02\/Pecjak-produkt-Temne-kraljeve-strucke-s-sezamom_hero.jpg\" \/>\n\t<meta property=\"og:image:width\" content=\"1725\" \/>\n\t<meta property=\"og:image:height\" content=\"800\" \/>\n\t<meta property=\"og:image:type\" content=\"image\/jpeg\" \/>\n<meta name=\"twitter:card\" content=\"summary_large_image\" \/>\n<script type=\"application\/ld+json\" class=\"yoast-schema-graph\">{\"@context\":\"https:\/\/schema.org\",\"@graph\":[{\"@type\":\"WebPage\",\"@id\":\"https:\/\/www.pekarna-pecjak.si\/en\/trgovina\/temne-kraljeve-strucke-s-sezamom\/\",\"url\":\"https:\/\/www.pekarna-pecjak.si\/en\/trgovina\/temne-kraljeve-strucke-s-sezamom\/\",\"name\":\"Temne kraljeve \u0161tru\u010dke s sezamom - Pekarna Pe\u010djak\",\"isPartOf\":{\"@id\":\"https:\/\/www.pekarna-pecjak.si\/en\/#website\"},\"primaryImageOfPage\":{\"@id\":\"https:\/\/www.pekarna-pecjak.si\/en\/trgovina\/temne-kraljeve-strucke-s-sezamom\/#primaryimage\"},\"image\":{\"@id\":\"https:\/\/www.pekarna-pecjak.si\/en\/trgovina\/temne-kraljeve-strucke-s-sezamom\/#primaryimage\"},\"thumbnailUrl\":\"https:\/\/www.pekarna-pecjak.si\/wp-content\/uploads\/2025\/02\/Pecjak-produkt-Temne-kraljeve-strucke-s-sezamom_hero.jpg\",\"datePublished\":\"2025-03-13T11:38:24+00:00\",\"dateModified\":\"2026-04-20T07:13:34+00:00\",\"description\":\"Temne kraljeve \u0161tru\u010dke s sezamom so roglji\u010dki iz p\u0161eni\u010dne in r\u017eene moke. Posute s sezamom so okusne in primerne tudi za pripravo sendvi\u010dev.Vegetarijansko.\",\"breadcrumb\":{\"@id\":\"https:\/\/www.pekarna-pecjak.si\/en\/trgovina\/temne-kraljeve-strucke-s-sezamom\/#breadcrumb\"},\"inLanguage\":\"en-US\",\"potentialAction\":[{\"@type\":\"ReadAction\",\"target\":[\"https:\/\/www.pekarna-pecjak.si\/en\/trgovina\/temne-kraljeve-strucke-s-sezamom\/\"]}]},{\"@type\":\"ImageObject\",\"inLanguage\":\"en-US\",\"@id\":\"https:\/\/www.pekarna-pecjak.si\/en\/trgovina\/temne-kraljeve-strucke-s-sezamom\/#primaryimage\",\"url\":\"https:\/\/www.pekarna-pecjak.si\/wp-content\/uploads\/2025\/02\/Pecjak-produkt-Temne-kraljeve-strucke-s-sezamom_hero.jpg\",\"contentUrl\":\"https:\/\/www.pekarna-pecjak.si\/wp-content\/uploads\/2025\/02\/Pecjak-produkt-Temne-kraljeve-strucke-s-sezamom_hero.jpg\",\"width\":1725,\"height\":800,\"caption\":\"Temne kraljeve \u0161tru\u010dke s sezamom\"},{\"@type\":\"BreadcrumbList\",\"@id\":\"https:\/\/www.pekarna-pecjak.si\/en\/trgovina\/temne-kraljeve-strucke-s-sezamom\/#breadcrumb\",\"itemListElement\":[{\"@type\":\"ListItem\",\"position\":1,\"name\":\"Home\",\"item\":\"https:\/\/www.pekarna-pecjak.si\/en\/\"},{\"@type\":\"ListItem\",\"position\":2,\"name\":\"Spletna trgovina\",\"item\":\"https:\/\/www.pekarna-pecjak.si\/trgovina\/\"},{\"@type\":\"ListItem\",\"position\":3,\"name\":\"Temne kraljeve \u0161tru\u010dke s sezamom\"}]},{\"@type\":\"WebSite\",\"@id\":\"https:\/\/www.pekarna-pecjak.si\/en\/#website\",\"url\":\"https:\/\/www.pekarna-pecjak.si\/en\/\",\"name\":\"Pekarna Pe\u010djak\",\"description\":\"\",\"potentialAction\":[{\"@type\":\"SearchAction\",\"target\":{\"@type\":\"EntryPoint\",\"urlTemplate\":\"https:\/\/www.pekarna-pecjak.si\/en\/?s={search_term_string}\"},\"query-input\":{\"@type\":\"PropertyValueSpecification\",\"valueRequired\":true,\"valueName\":\"search_term_string\"}}],\"inLanguage\":\"en-US\"}]}<\/script>\n<!-- \/ Yoast SEO plugin. -->","yoast_head_json":{"title":"Temne kraljeve \u0161tru\u010dke s sezamom - Pekarna Pe\u010djak","description":"Temne kraljeve \u0161tru\u010dke s sezamom so roglji\u010dki iz p\u0161eni\u010dne in r\u017eene moke. Posute s sezamom so okusne in primerne tudi za pripravo sendvi\u010dev.Vegetarijansko.","robots":{"index":"index","follow":"follow","max-snippet":"max-snippet:-1","max-image-preview":"max-image-preview:large","max-video-preview":"max-video-preview:-1"},"canonical":"https:\/\/www.pekarna-pecjak.si\/en\/trgovina\/temne-kraljeve-strucke-s-sezamom\/","og_locale":"en_US","og_type":"article","og_title":"Temne kraljeve \u0161tru\u010dke s sezamom - Pekarna Pe\u010djak","og_description":"Temne kraljeve \u0161tru\u010dke s sezamom so roglji\u010dki iz p\u0161eni\u010dne in r\u017eene moke. Posute s sezamom so okusne in primerne tudi za pripravo sendvi\u010dev.Vegetarijansko.","og_url":"https:\/\/www.pekarna-pecjak.si\/en\/trgovina\/temne-kraljeve-strucke-s-sezamom\/","og_site_name":"Pekarna Pe\u010djak","article_modified_time":"2026-04-20T07:13:34+00:00","og_image":[{"width":1725,"height":800,"url":"https:\/\/www.pekarna-pecjak.si\/wp-content\/uploads\/2025\/02\/Pecjak-produkt-Temne-kraljeve-strucke-s-sezamom_hero.jpg","type":"image\/jpeg"}],"twitter_card":"summary_large_image","schema":{"@context":"https:\/\/schema.org","@graph":[{"@type":"WebPage","@id":"https:\/\/www.pekarna-pecjak.si\/en\/trgovina\/temne-kraljeve-strucke-s-sezamom\/","url":"https:\/\/www.pekarna-pecjak.si\/en\/trgovina\/temne-kraljeve-strucke-s-sezamom\/","name":"Temne kraljeve \u0161tru\u010dke s sezamom - Pekarna Pe\u010djak","isPartOf":{"@id":"https:\/\/www.pekarna-pecjak.si\/en\/#website"},"primaryImageOfPage":{"@id":"https:\/\/www.pekarna-pecjak.si\/en\/trgovina\/temne-kraljeve-strucke-s-sezamom\/#primaryimage"},"image":{"@id":"https:\/\/www.pekarna-pecjak.si\/en\/trgovina\/temne-kraljeve-strucke-s-sezamom\/#primaryimage"},"thumbnailUrl":"https:\/\/www.pekarna-pecjak.si\/wp-content\/uploads\/2025\/02\/Pecjak-produkt-Temne-kraljeve-strucke-s-sezamom_hero.jpg","datePublished":"2025-03-13T11:38:24+00:00","dateModified":"2026-04-20T07:13:34+00:00","description":"Temne kraljeve \u0161tru\u010dke s sezamom so roglji\u010dki iz p\u0161eni\u010dne in r\u017eene moke. Posute s sezamom so okusne in primerne tudi za pripravo sendvi\u010dev.Vegetarijansko.","breadcrumb":{"@id":"https:\/\/www.pekarna-pecjak.si\/en\/trgovina\/temne-kraljeve-strucke-s-sezamom\/#breadcrumb"},"inLanguage":"en-US","potentialAction":[{"@type":"ReadAction","target":["https:\/\/www.pekarna-pecjak.si\/en\/trgovina\/temne-kraljeve-strucke-s-sezamom\/"]}]},{"@type":"ImageObject","inLanguage":"en-US","@id":"https:\/\/www.pekarna-pecjak.si\/en\/trgovina\/temne-kraljeve-strucke-s-sezamom\/#primaryimage","url":"https:\/\/www.pekarna-pecjak.si\/wp-content\/uploads\/2025\/02\/Pecjak-produkt-Temne-kraljeve-strucke-s-sezamom_hero.jpg","contentUrl":"https:\/\/www.pekarna-pecjak.si\/wp-content\/uploads\/2025\/02\/Pecjak-produkt-Temne-kraljeve-strucke-s-sezamom_hero.jpg","width":1725,"height":800,"caption":"Temne kraljeve \u0161tru\u010dke s sezamom"},{"@type":"BreadcrumbList","@id":"https:\/\/www.pekarna-pecjak.si\/en\/trgovina\/temne-kraljeve-strucke-s-sezamom\/#breadcrumb","itemListElement":[{"@type":"ListItem","position":1,"name":"Home","item":"https:\/\/www.pekarna-pecjak.si\/en\/"},{"@type":"ListItem","position":2,"name":"Spletna trgovina","item":"https:\/\/www.pekarna-pecjak.si\/trgovina\/"},{"@type":"ListItem","position":3,"name":"Temne kraljeve \u0161tru\u010dke s sezamom"}]},{"@type":"WebSite","@id":"https:\/\/www.pekarna-pecjak.si\/en\/#website","url":"https:\/\/www.pekarna-pecjak.si\/en\/","name":"Pekarna Pe\u010djak","description":"","potentialAction":[{"@type":"SearchAction","target":{"@type":"EntryPoint","urlTemplate":"https:\/\/www.pekarna-pecjak.si\/en\/?s={search_term_string}"},"query-input":{"@type":"PropertyValueSpecification","valueRequired":true,"valueName":"search_term_string"}}],"inLanguage":"en-US"}]}},"_links":{"self":[{"href":"https:\/\/www.pekarna-pecjak.si\/en\/wp-json\/wp\/v2\/product\/3088","targetHints":{"allow":["GET"]}}],"collection":[{"href":"https:\/\/www.pekarna-pecjak.si\/en\/wp-json\/wp\/v2\/product"}],"about":[{"href":"https:\/\/www.pekarna-pecjak.si\/en\/wp-json\/wp\/v2\/types\/product"}],"wp:featuredmedia":[{"embeddable":true,"href":"https:\/\/www.pekarna-pecjak.si\/en\/wp-json\/wp\/v2\/media\/6805"}],"wp:attachment":[{"href":"https:\/\/www.pekarna-pecjak.si\/en\/wp-json\/wp\/v2\/media?parent=3088"}],"wp:term":[{"taxonomy":"product_brand","embeddable":true,"href":"https:\/\/www.pekarna-pecjak.si\/en\/wp-json\/wp\/v2\/product_brand?post=3088"},{"taxonomy":"product_cat","embeddable":true,"href":"https:\/\/www.pekarna-pecjak.si\/en\/wp-json\/wp\/v2\/product_cat?post=3088"},{"taxonomy":"product_tag","embeddable":true,"href":"https:\/\/www.pekarna-pecjak.si\/en\/wp-json\/wp\/v2\/product_tag?post=3088"}],"curies":[{"name":"wp","href":"https:\/\/api.w.org\/{rel}","templated":true}]}}

Temne kraljeve štručke s sezamom

<p>Hitro zamrznjen izdelek iz kvašeno listnatega testa z dodatkom polnozrnate zmesi ter sezamom, ki ga je potrebno termično obdelati po navodilih proizvajalca.</p>

<p>Okusna, rahla in polnovredna kombinacija pšenice, rži, lana in sezama.<br />
 &#10004;dodana semena sezama in lanu<br />
 &#10004; polnozrnati drobljenec v testu<br />
 &#10004; dodana polnozrnata moka in rženo kislo testo</p>

<!-- This site is optimized with the Yoast SEO plugin v27.2 - https://yoast.com/product/yoast-seo-wordpress/ -->
<title>Temne kraljeve štručke s sezamom - Pekarna Pečjak</title>
<meta name="description" content="Temne kraljeve štručke s sezamom so rogljički iz pšenične in ržene moke. Posute s sezamom so okusne in primerne tudi za pripravo sendvičev.Vegetarijansko." />
<meta name="robots" content="index, follow, max-snippet:-1, max-image-preview:large, max-video-preview:-1" />
<link rel="canonical" href="https://www.pekarna-pecjak.si/en/trgovina/temne-kraljeve-strucke-s-sezamom/" />
<meta property="og:locale" content="en_US" />
<meta property="og:type" content="article" />
<meta property="og:title" content="Temne kraljeve štručke s sezamom - Pekarna Pečjak" />
<meta property="og:description" content="Temne kraljeve štručke s sezamom so rogljički iz pšenične in ržene moke. Posute s sezamom so okusne in primerne tudi za pripravo sendvičev.Vegetarijansko." />
<meta property="og:url" content="https://www.pekarna-pecjak.si/en/trgovina/temne-kraljeve-strucke-s-sezamom/" />
<meta property="og:site_name" content="Pekarna Pečjak" />
<meta property="article:modified_time" content="2026-04-20T07:13:34+00:00" />
<meta property="og:image" content="https://www.pekarna-pecjak.si/wp-content/uploads/2025/02/Pecjak-produkt-Temne-kraljeve-strucke-s-sezamom_hero.jpg" />
	<meta property="og:image:width" content="1725" />
	<meta property="og:image:height" content="800" />
	<meta property="og:image:type" content="image/jpeg" />
<meta name="twitter:card" content="summary_large_image" />
<script type="application/ld+json" class="yoast-schema-graph">{"@context":"https://schema.org","@graph":[{"@type":"WebPage","@id":"https://www.pekarna-pecjak.si/en/trgovina/temne-kraljeve-strucke-s-sezamom/","url":"https://www.pekarna-pecjak.si/en/trgovina/temne-kraljeve-strucke-s-sezamom/","name":"Temne kraljeve štručke s sezamom - Pekarna Pečjak","isPartOf":{"@id":"https://www.pekarna-pecjak.si/en/#website"},"primaryImageOfPage":{"@id":"https://www.pekarna-pecjak.si/en/trgovina/temne-kraljeve-strucke-s-sezamom/#primaryimage"},"image":{"@id":"https://www.pekarna-pecjak.si/en/trgovina/temne-kraljeve-strucke-s-sezamom/#primaryimage"},"thumbnailUrl":"https://www.pekarna-pecjak.si/wp-content/uploads/2025/02/Pecjak-produkt-Temne-kraljeve-strucke-s-sezamom_hero.jpg","datePublished":"2025-03-13T11:38:24+00:00","dateModified":"2026-04-20T07:13:34+00:00","description":"Temne kraljeve štručke s sezamom so rogljički iz pšenične in ržene moke. Posute s sezamom so okusne in primerne tudi za pripravo sendvičev.Vegetarijansko.","breadcrumb":{"@id":"https://www.pekarna-pecjak.si/en/trgovina/temne-kraljeve-strucke-s-sezamom/#breadcrumb"},"inLanguage":"en-US","potentialAction":[{"@type":"ReadAction","target":["https://www.pekarna-pecjak.si/en/trgovina/temne-kraljeve-strucke-s-sezamom/"]}]},{"@type":"ImageObject","inLanguage":"en-US","@id":"https://www.pekarna-pecjak.si/en/trgovina/temne-kraljeve-strucke-s-sezamom/#primaryimage","url":"https://www.pekarna-pecjak.si/wp-content/uploads/2025/02/Pecjak-produkt-Temne-kraljeve-strucke-s-sezamom_hero.jpg","contentUrl":"https://www.pekarna-pecjak.si/wp-content/uploads/2025/02/Pecjak-produkt-Temne-kraljeve-strucke-s-sezamom_hero.jpg","width":1725,"height":800,"caption":"Temne kraljeve štručke s sezamom"},{"@type":"BreadcrumbList","@id":"https://www.pekarna-pecjak.si/en/trgovina/temne-kraljeve-strucke-s-sezamom/#breadcrumb","itemListElement":[{"@type":"ListItem","position":1,"name":"Home","item":"https://www.pekarna-pecjak.si/en/"},{"@type":"ListItem","position":2,"name":"Spletna trgovina","item":"https://www.pekarna-pecjak.si/trgovina/"},{"@type":"ListItem","position":3,"name":"Temne kraljeve štručke s sezamom"}]},{"@type":"WebSite","@id":"https://www.pekarna-pecjak.si/en/#website","url":"https://www.pekarna-pecjak.si/en/","name":"Pekarna Pečjak","description":"","potentialAction":[{"@type":"SearchAction","target":{"@type":"EntryPoint","urlTemplate":"https://www.pekarna-pecjak.si/en/?s={search_term_string}"},"query-input":{"@type":"PropertyValueSpecification","valueRequired":true,"valueName":"search_term_string"}}],"inLanguage":"en-US"}]}</script>
<!-- / Yoast SEO plugin. -->

Temne kraljeve štručke s sezamom - Pekarna Pečjak

Temne kraljeve štručke s sezamom so rogljički iz pšenične in ržene moke. Posute s sezamom so okusne in primerne tudi za pripravo sendvičev.Vegetarijansko.

Pekarna Pečjak
